 of b(-11)?
0
Let u = 24 + -18. Let o = 14 + u. What is the units digit of o?
0
Suppose 4 = 3*t + 22. Let k be 1 + -2*9/t. What is the units digit of 342/k*(-28)/(-42)?
7
Let l(h) = -h**3 - 5*h**2 + 8*h + 22. Let f be l(-5). Let a(j) = -8*j + 27. What is the hundreds digit of a(f)?
1
Let h be 7*(8/4 - 1). What is the units digit of 1*-2*(-8 + h)?
2
Let u be 17/6 + 6/36. Suppose -u*k - 88 = -m, 5*m = -k - 3*k + 497. What is the units digit of m?
7
Let s(z) = -z**2 - 9*z + 12. Let t be s(-10). Suppose -3*n + 1 = 5*i - 25, 3*n = 2*i - t. What is the units digit of (1 - 2)/(n/(-8))?
4
Let t = -27 - -19. Let w(x) = -7*x + 9. What is the tens digit of w(t)?
6
Let p(h) = -2*h - 7. What is the tens digit of p(-31)?
5
Suppose -12*p - 5*y - 15 = -14*p, y = 1. What is the tens digit of p?
1
Let y = 149 - 105. Let n = -92 + y. Let s = -12 - n. What is the units digit of s?
6
Suppose 0 = 3*r - 4*r + 2, 5*a + 2*r - 4944 = 0. What is the hundreds digit of a?
9
Suppose 2*p = -56*p + 244818. What is the tens digit of p?
2
Let u(a) = 4*a**2 - 2*a - 12. Suppose v + 4*v = 20. What is the units digit of u(v)?
4
Suppose 12 = -0*k + 4*k, -26 = -4*a - 2*k. Suppose -2*d + z = -26, 0*z = -a*z + 10. What is the tens digit of 2/(-14) + 198/d?
1
Suppose 0 = 5*a - 2*m - 1 - 21, -a + 3*m = -7. Suppose 0 = -v - a*v. What is the units digit of 2 + (-34)/(v + -2)?
9
Let v(u) = -77*u + 278. What is the units digit of v(-9)?
1
Let h(u) = 6*u**2 - u - 1. Let s be h(-1). Suppose s*z + 123 = 3*z. Let i = z + 62. What is the tens digit of i?
2
Suppose 0 = -9*w + 12*w. Suppose -5*o - 2*n - 2*n + 3 = w, 2*o - 2*n = 12. What is the units digit of o?
3
Let a = 75 - 163. Let u = -20 - a. Suppose 4*c + 0*c + v - 59 = 0, 4*v - u = -4*c. What is the tens digit of c?
1
Let l(n) = -101*n. Let j be l(-1). Suppose -4*p + 151 = 5*f, 2*f = -5*p - j + 311. What is the tens digit of p?
4
Let r be ((-40)/14)/(3/(-21)). Suppose 6*j = j + r. What is the units digit of j/(-2) - (-260)/13?
8
Let f = 630 - 414. What is the units digit of f?
6
Let x(c) = 7*c - 15. Suppose 0 = 8*n - 6*n - 10. What is the tens digit of x(n)?
2
Suppose q - 15 = 4*q + 5*r, -3*r = -5*q + 9. Let h be 24*(16/12 + q). Suppose -3*j - 5*o = 8, 0 = 4*j - o - 3*o - h. What is the units digit of j?
4
Suppose 0 = 5*u + 15, -5 = -3*o + 4*u + 1. Let t be 2/3 - 112/(-12). What is the tens digit of (-3 - 285/t)*o?
6
Let n = 37 + -5. Let w = 152 - n. What is the units digit of w?
0
Let t(j) = -j**3 + 12*j**2 + 10*j - 11. Let a be t(12). Suppose -4*v - z + 457 = 0, 0*v - v + a = 2*z. What is the tens digit of v?
1
Suppose 0 = 5*d - 2*d - 21. Suppose -d*r - 5 = -68. What is the units digit of r?
9
Suppose 3*j - 544 + 2855 = 2*r, -j - 5810 = -5*r. What is the units digit of r?
3
Let f(l) = 7*l**2 - 1. Let n be f(1). Let d(w) = w**2 - w - 20. What is the tens digit of d(n)?
1
Let k(i) = i**2 + 8*i - 10. Let m be k(-9). Let n(l) = -19*l**3 - 3 + 2 + l - 5*l + 2*l. What is the units digit of n(m)?
0
Let x be -2 + 6/(6/7). Suppose i + 364 = x*i. What is the tens digit of i?
9
Suppose -2*r - 54 = r. What is the hundreds digit of ((-12)/9)/4 - 3084/r?
1
Suppose 0 = 3*c - 2*o - 2724, -14*c - 1816 = -16*c + 3*o. What is the hundreds digit of c?
9
Let a(h) = h**2 + 9*h - 7. Let v be 55/(-4) + 3/(-12). What is the tens digit of a(v)?
6
Suppose -4*l = -7*l + 6, -4*u = 4*l - 20. Let t(q) = u*q - 7*q + 5*q - 7 + 2*q. What is the units digit of t(3)?
2
Suppose -8*u + 156 + 132 = 0. What is the tens digit of u?
3
Let g be -125*(4 + -4 + 1). Let j = g - -20. What is the tens digit of 2*(-2 - j/6)?
3
Suppose -3*q + 6*q + 5*f = -303, 4*q + 372 = 4*f. Let p = -42 - q. What is the tens digit of p?
5
Let m = 1166 + -277. What is the tens digit of m?
8
Let x = 2247 + 824. What is the thousands digit of x?
3
Let d be -5 + 3*(-8)/12. Let h(z) = -3*z + 3. Let x be h(d). What is the tens digit of 3 + -3 + x/2?
1
Let m = 198 + -296. What is the units digit of ((-7)/1)/(-5 + m/(-20))?
0
Let f(u) = u - 3. Let j be f(2). Let d(i) be the third derivative of -i**4/12 - 4*i**2. What is the units digit of d(j)?
2
Let g(w) = -4*w**2 + 4*w + 4. Let s(b) = b**2 - b - 1. Let z(c) = g(c) + 3*s(c). Let d be z(7). Let u = -23 - d. What is the tens digit of u?
1
Let p(y) = -12 - 3 - 3 + y**2 - 5*y. What is the units digit of p(8)?
6
Let x(h) = h**2 - 3*h - 5. Let q be x(-2). What is the units digit of 6 + (-6)/(-4) + q/(-10)?
7
Let s(l) = -l**3 + 2*l**2 + 2*l - 2. Let z be (-6)/9*(-8 - -5). Let j be s(z). Suppose -o + 60 = j*o. What is the units digit of o?
0
Suppose -2*t = -0*t - z - 1, 2*t = -2*z + 10. Suppose -t*c + 1 = -31. What is the tens digit of c?
1
Suppose 0*r - 5*z - 19 = -2*r, -4*r - 5*z = 7. Suppose r*h = 69 + 11. What is the units digit of h?
0
Let n = -195 - -787. What is the units digit of n?
2
Let u = 0 - 0. Suppose u = 3*j + 9, 2*j = 3*o - 19 - 5. Let w(y) = -y**3 + 6*y**2 + 4*y - 8. What is the tens digit of w(o)?
1
Let u be (-8 - -5) + (2 - 1). Let t(y) = -y**2 - 3*y + 3. What is the units digit of t(u)?
5
Let t(o) = 267*o**2 - 11*o + 31. What is the tens digit of t(2)?
7
Let r(x) = -x. Suppose -3*s + 75 = -2*i + 20, s + 2*i = 29. Suppose 7*k - 2*k - s = 4*f, k = 2*f + 9. What is the units digit of r(f)?
4
Suppose 28*b = -48*b + 51528. What is the units digit of b?
8
What is the hundreds digit of 2*9/(-6) - (-1445 - 12)?
4
Suppose 5166 = -2*f + 8*f. Suppose f = 5*c + 2*j, 5*c - 3*j = 306 + 540. What is the units digit of c?
1
Let a = 62 - 59. Suppose -5*n + 2*r = -655, 0 = 4*n - 7*r + a*r - 536. What is the units digit of n?
9
Let h(n) = 76*n - 2. Let p be h(1). Let w = p + -27. What is the tens digit of w?
4
Suppose s + 160 = -9*s. Let h = s + 74. What is the tens digit of h?
5
Suppose -22*t + 2246 = -3496. What is the tens digit of t?
6
Let z(f) = f**3 - 3*f**2 + f + 3. Let x be z(2). Let u(g) = -12*g**2 + g - 1. Let n be u(x). What is the units digit of n*(-3 - (0 - 2))?
2
Let o(f) = -2*f. Let m(q) = -2*q**2 - 13*q - 22. Let t(w) = -m(w) + 6*o(w). Let y(p) = p - 4. Let a be y(4). What is the units digit of t(a)?
2
Let n = 8274 + -5791. What is the units digit of n?
3
Suppose 5*q - 2214 = -w, -q - 2*w - 297 = -738. What is the hundreds digit of q?
4
Suppose 4*t - 979 = -d + 2297, 4*t - 5*d - 3276 = 0. What is the hundreds digit of t?
8
Let c = 41 + -64. Let j = c + 29. What is the units digit of j?
6
Let m = 6123 - 1166. What is the thousands digit of m?
4
Let b(g) = -3*g - 36. Let r be b(-17). Let i(z) = 2*z + 31. What is the units digit of i(r)?
1
Let i(a) = -a**3 - 5*a**2 + 9*a - 15. Let p be i(-7). What is the hundreds digit of ((-381)/4)/(-3)*(p + -12)?
2
Let n(h) = 8*h**2 - 2*h - 1. Let f be n(-1). What is the units digit of ((-936)/32)/(f/(-24))?
8
Let t be (13/(-5) + (-6)/(-10))/2. What is the units digit of t/(-5) + 2395/25?
6
Let k(c) be the first derivative of c**2/2 + 15*c - 5. Let v be k(-11). What is the units digit of (-15)/(-2) + 2/v?
8
Let x(o) = o**3 + 10*o**2 + 6*o - 10. Let a be x(-8). Let j be (19/3)/((-1)/6). Let z = j + a. What is the tens digit of z?
3
Suppose 34*y - 136 = -0*y. Let v(w) = -2*w. Let u(s) = 2*s. Let g(d) = -u(d) - 2*v(d). What is the units digit of g(y)?
8
Let i = -1391 + 1977. What is the tens digit of i?
8
Let f(t) = t**2 + 2*t + 1 + 12*t - 4*t**2 - 12*t. Let s be f(-1). What is the tens digit of (-1 - 2 - s) + 22?
2
What is the tens digit of (-9)/(81/6) - 1756/(-6)?
9
Let g(y) = y**2 + 2*y - 44. What is the units digit of g(19)?
5
Let l(z) = 0*z - 8*z - 4*z**2 - 4 + 6*z**2. Suppose -5*o - 1 + 31 = 0. What is the tens digit of l(o)?
2
Suppose 28 + 5 = b - 3*q, -2*q + 80 = 5*b. Let g(s) = s - 4. What is the tens digit of g(b)?
1
What is the units digit of 1/2*-1*102/(-1)?
1
Suppose -3*c - 2*v + 5 = 0, 0*c - 4*v = -5*c + 23. Let w = 32 + c. What is the tens digit of w?
3
Let y be (12/9 + -1)*948. What is the units digit of y/(-6)*6/(-4)?
9
Let u(f) = f**3 + 7*f**2 - f - 9. Let k = 3 + -10. Let l be u(k). What is the tens digit of l*(-38)/(-4)*-1?
1
Let j = 102 - 80. Suppose 36*t - 434 = j*t. What is the tens digit of t?
3
Let m(j) = -j**2 + 13. Let h be m(-4). What is the tens digit of (26/(-6))/(1/(-21)) - h?
9
Let q = 8 + -6. Let g be 5/(-15)*(q + 1). What is the tens digit of 0 + (g - -2) + 24?
2
Let c(f) = -17*f + 